 + n?
1
Let s(g) = -g**3 + g - 2. Let r be s(-2). Suppose -r + 74 = 5*p. What is the units digit of p?
4
Let g(j) = -j**3 - 4*j**2 + 4*j - 4. Let l be g(-7). Suppose 5*c - l = 5*i, c - 13 = 4*i - i. Let s = c + -18. What is the units digit of s?
0
Let k(n) = -n**2 + 8*n - 2. Let r be k(7). Let z(i) = -i**2 - i - 4. Let f be z(-3). What is the units digit of (-4)/f + 23/r?
5
Suppose -3*b - 4*t + 44 = -21, -4*t = -8. What is the units digit of b?
9
Let o be 1/(-3) - 12/18. Let n be 2 + (o - 1) + 3. Let g(p) = -p + 4. What is the units digit of g(n)?
1
Suppose -2*s = 3*s + u - 1361, 285 = s - 3*u. What is the units digit of s?
3
Suppose -y + 0*y = 4*h + 21, 2*y + 32 = -3*h. Let u = 18 + y. Suppose -u*z = 1 - 41. What is the units digit of z?
8
Suppose -4*o + 9 = -3. Suppose -o*c - 42 = -0*c. Let s = 24 + c. What is the tens digit of s?
1
Suppose 3*q - q = 4. Suppose -3*b = -3, 2*c - q*b + 3*b = 1. Let i = 6 - c. What is the units digit of i?
6
What is the tens digit of (5 - 170/35) + 111/7?
1
Let x = -2 + 6. Suppose 2*y - 3*y = 5*r + 15, -4*y + 5*r = -40. Suppose 0 = -3*m + y*a - 3, 31 = 5*m + 5*a - x. What is the units digit of m?
4
Suppose 5*y + 4*y - 36 = 0. What is the units digit of y?
4
What is the hundreds digit of ((-81)/36)/(3/(-208))?
1
Suppose -5*c + d = 38, c - 2*d - d + 2 = 0. Let z = -1 - c. What is the units digit of z?
7
Let m(i) = 4*i - 4. Suppose 3*j + d + 5 = 0, 2*j = d + 3*d + 6. Let q be 5/j*(-4 - -3). What is the units digit of m(q)?
6
Let p be 28/(-3) - 6/9. Let v be ((-30)/4)/(5/p). Suppose 5*j + 1 = -r + 26, -5*j = -r - v. What is the units digit of r?
5
What is the units digit of 2*142*4/16?
1
Suppose 386 = 4*n - 42. What is the tens digit of n?
0
Let g be -4*2/4 + 0. What is the tens digit of 6/(-12)*16*g?
1
Suppose 34*c - 33*c = 83. What is the tens digit of c?
8
Let z(v) be the third derivative of -v**6/30 - v**5/60 + v**3/6 - 2*v**2. Suppose -4*t + 17 = 5*d - 2*d, -4*d = -3*t + 19. What is the units digit of z(d)?
4
Let s = 2 + 10. What is the units digit of s?
2
Let r = 210 - 145. Suppose r = 5*p - 5*w, 2*p = -4*w - 4 - 0. What is the units digit of p?
8
Let f(s) = 26*s + 2. What is the units digit of f(1)?
8
Suppose 0 = -b - 6 - 6. What is the units digit of (-4)/6 - 104/b?
8
Let y(d) = d**2 + 2*d - 1. Suppose 4 = 2*l - 6, -x - 3*l = -6. Let n(v) = v**2 + 9*v - 4. Let a be n(x). What is the units digit of y(a)?
7
Let v(p) = 12*p**2 + 2. Let x be v(-2). Suppose s + 4*s = -x. What is the units digit of s/8*(-5 + -3)?
0
What is the tens digit of (-1)/(-2) - (-49)/2?
2
Let x(m) = 2*m**3 + 8*m**2 - 3*m. Let u(q) = -q**3 - 7*q**2 + 2*q - 1. Let p(i) = -3*u(i) - 2*x(i). Suppose -3*z = -9 - 6. What is the units digit of p(z)?
3
Let q be 1 - (38/(-2) + -1). Let x = q + -10. What is the units digit of x?
1
Suppose 4*j = -0*j. Suppose j*k = 3*k - 24. What is the units digit of k?
8
Let j(a) = -a - 5*a + 2*a + 6. What is the tens digit of j(-6)?
3
Let g(m) = -m**2 + 11*m - 11. Let b be g(10). Let x = -9 + b. What is the units digit of (1 + 2)/((-3)/x)?
0
Let d(k) = 2*k + 14. What is the units digit of d(0)?
4
Suppose 2*j + m - 2*m + 20 = 0, -16 = 3*j + 2*m. What is the units digit of -2*6/j*10?
5
Suppose 0*v + 2*a = -3*v + 9, 0 = -4*a. Suppose -v*n = 6 - 3. What is the tens digit of -3 - n/(2/40)?
1
Let a = 31 + -10. What is the tens digit of a?
2
Let s = 26 + -10. Let l = s - -8. What is the tens digit of l?
2
Let r be ((-44)/8)/((-2)/4). Suppose m = 3, 0 = 2*b - b + 2*m - r. Suppose s - b = 4. What is the units digit of s?
9
Let o(q) = -5*q**3 + 4*q**2 - q - 3. What is the units digit of o(-2)?
5
What is the units digit of (12/20 - 33/5)/(-2)?
3
Let h(z) = z**3 + 12*z**2 + 14*z - 1. Let q be h(-10). Suppose -4*b + q = 5*a, 5*a = -0*a - 5. What is the tens digit of b?
1
Let l be 1*(-2)/(-2)*2. Let p = 2 + l. What is the units digit of p?
4
Let o be -1 + 6 + 1 - -3. Suppose 2*c = o + 7. What is the units digit of c?
8
Suppose -5*f = 2*l + 11, 8*l - 4*l = 2*f - 10. Let i = l + 6. What is the units digit of i?
3
Let t(g) = -6*g**3 - g**2 - 2*g - 1. Let w be t(-1). Suppose -2*i - w = -4*i. What is the units digit of i?
3
Suppose -4*q + 6 + 2 = 0. Suppose -36 - 10 = -q*t. What is the units digit of t?
3
Let w = -33 - -50. What is the tens digit of w?
1
Suppose 5*w - 65 = -5*b, -2*w + 0*w = 3*b - 34. Suppose -20 = -k - b. Suppose -4*i = 3*q - k, 5*q = q - 3*i + 23. What is the units digit of q?
8
Let a = 22 - 14. Suppose -2*r - 2*k - 4 = 0, 4*k + 7 + a = 3*r. What is the units digit of (-3)/r*1/(-1)?
3
Let z(f) = -2*f - 3. Let n be z(3). Let y = n + 13. What is the units digit of y?
4
Let z(c) = -c**2 + 10. Let w be z(0). What is the tens digit of w/((-7)/((-21)/2))?
1
Suppose 3*n + 2*n = -2*d + 23, 0 = 5*n - 25. Let t = -1 - d. What is the units digit of (-3)/(-2 - (t + -1))?
3
Suppose 132 = 7*u - 3*u. What is the units digit of u?
3
Let g = 11 - 11. Suppose 0 = 2*n + i - 11, g = 5*n + 5*i - 42 + 12. What is the units digit of n?
5
Let g(n) = -n**2 + 4. Let a be g(0). Let i(t) = 5*t - 1. Let h be i(a). Let u = h - 10. What is the units digit of u?
9
Let h(l) = 9*l - 13. What is the units digit of h(5)?
2
Let y = -7 + 41. What is the units digit of y?
4
Suppose 2*m - 541 = -3*c, -5*m = 3*c - 0*c - 1366. What is the hundreds digit of m?
2
Suppose 4*h = -5*a + 90, -4*h + 16 = -4. Suppose -6*q + 6 = -3*q - 3*r, -2*q + a = 3*r. Let c = 9 + q. What is the units digit of c?
3
Let s = 24 - 23. What is the units digit of s?
1
Let c(s) = 2*s. Let l be ((0 + -3)/3)/1. Let y be c(l). What is the units digit of 1*y*-1*5?
0
Suppose -i + 19 = u + u, -41 = -4*u - 3*i. Suppose 0*n + 2*n = u. Suppose 66 = n*y + 18. What is the tens digit of y?
1
Let m be 0/(7/((-28)/8)). Suppose g - 3*g + 44 = m. What is the tens digit of g?
2
Suppose -10*b = -6*b - 572. What is the hundreds digit of b?
1
Let v = -12 - -17. Let y be 7/(7/2) + v. Suppose y*l - 57 = 4*l. What is the units digit of l?
9
Suppose m - 2 = -0*m, -5*m + 19 = z. What is the units digit of z?
9
Suppose 2*c - d + 2 = 6, -3*c - 2*d = -13. Let s be 0 + 5 + (c - 4). Suppose s*z = -f + 36, -5*f + 5*z = -51 - 29. What is the units digit of f?
0
Suppose 3*h + 22 = -5. What is the tens digit of 2/3 + (-93)/h?
1
Suppose 0 = -6*s + s + 10. Suppose 8 = s*y - 12. What is the units digit of 22/y - 2/10?
2
Let a(n) = n**3 + 9*n**2 - 9*n - 1. Let t(s) = -s**2 + s + 1. Let b(q) = a(q) + 6*t(q). What is the units digit of b(-4)?
1
Let m = -226 - -394. What is the tens digit of m?
6
Suppose 5*z - 1 - 9 = 3*l, z = -5*l - 26. Let c be (15/9 + z)*6. Let h(j) = j - 2. What is the units digit of h(c)?
2
Let j = -21 + 22. What is the units digit of j?
1
Suppose -4*c + 5*k = -6*c + 393, 2*k = 3*c - 637. What is the hundreds digit of c?
2
Suppose 3*d - 84 = -3*w, 0 = -5*w + 4*d + d + 160. What is the units digit of w?
0
Let j be ((-3)/(-2))/(4/(-8)). What is the units digit of (-1 + j)/(-4)*37?
7
Let q(n) = n**2 - 2*n. Let r be q(4). Suppose -4*h = -r*h + 104. What is the units digit of h?
6
Let a be 140/6 - (-10)/15. Suppose -2*t - 6 = -a. Suppose u = -0*u + t. What is the units digit of u?
9
Suppose 2*k = -4*r + 2, 7*r - 12 = -3*k + 4*r. Let m = -7 - -18. Let q = m - k. What is the units digit of q?
4
Suppose 2*a - 60 = -0*a. Suppose 3*n - 12 = -0. Suppose -x - n*x = -a. What is the units digit of x?
6
Let g = -5 + 10. Suppose g = n + 1. Suppose -5 = -o - n*o. What is the units digit of o?
1
Suppose -2*s + 1 = -1. Suppose 2*h - 2 + 10 = 0. What is the units digit of 3/(-2 + s) - h?
1
Suppose -2*i - 8 = 5*p, -2*i + 5 = -3*p + 13. Let q be i - (2 + -1)/(-1). What is the units digit of q/2*64/(-12)?
8
Suppose -30 - 21 = -3*r. What is the tens digit of r?
1
Let y(l) = -l**3 - 3*l**2 + 3*l + 6. Let u = -1 - -3. Suppose -u*d + 16 = -6*d. What is the units digit of y(d)?
0
Suppose 2*k = 3*y + 52, 0*y + 2*y = 4*k - 88. Let q be ((-8)/10)/((-8)/k). Suppose 2*g = -5*i + 17 + 43, -3*g - 5 = -q*i. What is the units digit of i?
0
Let d(p) = p**3 + 7*p**2 - 9*p + 2. What is the tens digit of d(-7)?
6
Let x be ((-10)/8)/((-2)/8). Suppose 0 + 5 = x*r. What is the tens digit of ((-26)/(-8))/(r/4)?
1
Suppose m = -2*z + 11, -4*z = 3*m - 0*m - 23. What is the units digit of z?
5
Suppose 4*w = 5*f - 50, -5*f + 7*f = -5*w - 13. Let